mon factor of k and 8?
4
Let o be (-1 - 3)/(20/(-10)). Let n be o*2 - 9/(81/(-576)). Calculate the highest common factor of 170 and n.
34
Let w be (1 + 4 - -2)*(10 + (8 - 17)). Calculate the highest common divisor of w and 3031.
7
Let h be 4/(-18) + 1 + 140/63. Suppose d - 3*d = 4. Let y be ((-3)/(h/10))/d. Calculate the greatest common divisor of y and 45.
5
Let p = -1951 - -1965. Calculate the highest common divisor of p and 406.
14
Let q be (-26 - -14)*(-4)/6. Calculate the highest common factor of q and 706.
2
Let p(n) = -24*n - 923. Let x be p(-88). Calculate the greatest common divisor of 82 and x.
41
Let p = -3110 - -3149. What is the greatest common divisor of p and 69?
3
Let t be ((-3546)/(-24) - 2/(-8))/((-59)/(-2832)). Calculate the highest common divisor of t and 672.
96
Let g(u) = 39*u**2 + 77*u - 84. Let c be g(-6). Calculate the greatest common divisor of 663 and c.
39
Suppose 0 = 10*l - 15*l. Suppose 0*y + y - 52 = l. Let o(a) = -a**2 + 6*a + 5. Let t be o(4). What is the greatest common factor of t and y?
13
Let w be ((116/(-36))/(25/(-75)))/(2/96). What is the greatest common divisor of 812 and w?
116
Suppose 7*w - 2344 - 786 = -64. What is the highest common divisor of 4161 and w?
219
Suppose 49 + 14 = 3*f + 4*z, 5*z = -4*f + 85. Let w = 1632 + -1612. Calculate the highest common divisor of w and f.
5
Let i = -42 + 49. Let u be (-75)/4*(58/(-6) + i). Let f(n) = -n + 34. Let k be f(14). What is the greatest common factor of u and k?
10
Suppose s - 3*v - 307 = 0, -5*v + 1211 = -0*s + 4*s. Let q be 12/(-2) + (1884/314 - (-77 - -1)). Calculate the greatest common divisor of s and q.
76
Suppose -4*b = 3*f - 45, -f + 5*b - 6 = -21. Suppose -3*x - 18 = 2*l - x, 7 = -3*l + x. Let n be (-6)/l*(f - 7). What is the highest common divisor of 96 and n?
12
Suppose 2 + 16 = -9*y. Let m be 15/y*86/(-215). Calculate the greatest common divisor of m and 3.
3
Let l = 0 - 26. Let k(x) = -x**3 - 20*x**2 - 79*x - 61. Let p be k(-15). Let d be ((8 - 4)/4)/(p/l). Calculate the highest common divisor of d and 39.
13
Let f = -77 + 115. Let s(r) = 12*r**2 - 25*r - 88. Let h be s(-3). What is the greatest common factor of f and h?
19
Let m(b) = 99 + 1 - 25 - 12*b. Let j be m(0). Let t = -33 + 58. What is the highest common factor of t and j?
25
Suppose 3*a - 3*v - 457 = -433, 0 = a - 5*v - 16. Calculate the highest common divisor of 16998 and a.
6
Suppose 0 = -2*r + 3*b + 29, -3*r + 6*b - b = -45. Suppose -15*c + r*c = g - 87, -60 = -4*c + 4*g. What is the greatest common factor of 85 and c?
17
Suppose w + q = -1263, -w + 4*q - 1402 = -129. Let o = w - -1277. Let t(y) = 107*y + 1. Let h be t(1). What is the greatest common divisor of h and o?
12
Let j = 1804 - 1728. Calculate the highest common factor of 513 and j.
19
Let n be 1*531*(66/(-11) - -7). What is the highest common divisor of n and 295?
59
Let o(y) = 6*y**3 - 11*y**2 + 6*y + 90. Let w be o(11). Calculate the greatest common factor of 49 and w.
49
Let o(n) = -5*n**3 + 36*n**2 + 11*n + 34. Let g be o(9). Let l = g - -820. What is the highest common divisor of l and 35?
7
Let t be 2 + (-141)/(-12) + (-14 - 969/(-68)). Calculate the highest common factor of 1043 and t.
7
Let b be ((-3)/(-6))/((-1)/(-52)). Suppose 3*i = 4*f + 29, -2*i + f - 4*f = 9. Suppose 0 = i*j - 6*j + 858. Calculate the greatest common divisor of b and j.
26
Suppose -3*n - 641 = -4*a + 117, -2*a + 366 = 5*n. Suppose -a + 36 = -2*o. What is the highest common divisor of o and 76?
76
Suppose 727*c - 688*c - 35997 = 0. Calculate the greatest common divisor of c and 78.
13
Let a(z) = 2*z**2 + 13*z - 25. Let j be a(-9). Let c be (3 + -1)*(-15 - (-670)/j). Calculate the highest common divisor of c and 925.
37
Suppose -3*s - 18*s = -756. Suppose -10*n + s + 114 = 0. What is the highest common divisor of 555 and n?
15
Suppose -27*x + 2646 = 31*x - 13594. Suppose -7*c - 20 = -3*c, -2*w + c + 245 = 0. What is the greatest common divisor of x and w?
40
Let h be 40/(-2) - (-10)/2. Let n be (14/(-12) - 1/(-6))*h. Calculate the greatest common factor of 15 and n.
15
Let r = -2990 - -3523. What is the greatest common factor of 41 and r?
41
Let q(h) = 14*h**2 - 36*h - 248. Let n be q(-8). What is the greatest common divisor of 234 and n?
234
Let p = -8811 + 8844. Calculate the greatest common divisor of 11847 and p.
33
Let v(j) = -2*j - 52. Let m be v(-23). Let x(w) = 10*w + 62. Let z be x(m). Calculate the greatest common factor of 20 and z.
2
Suppose 21*r = 16*r + 45. Suppose -r*d + 62 = -64. Calculate the highest common factor of 14 and d.
14
Let r(z) = z**2 - 5*z. Let a be r(0). Suppose -4*i = -2*f - 440, 5*i - 2*f + 3*f - 550 = a. Calculate the highest common divisor of 20 and i.
10
Let g(k) = 18*k - 40. Let n be g(-18). Let v be (-12)/(-96)*-2*(n + 0). Calculate the highest common factor of v and 7.
7
Let p be (8/(-14))/(92/(-322))*1. Let m(i) = 7*i - 1. Let l be m(1). Calculate the greatest common divisor of l and p.
2
Suppose 0 = -25*b - 72*b - 7*b + 4472. Calculate the highest common factor of 2021 and b.
43
Suppose -3*x - 353 = -5*j, 0 = -4*j + 8*j - 5*x - 272. Suppose -2*g - 4*t + 108 = -0*g, -2*g + 3*t = -j. What is the greatest common divisor of 308 and g?
44
Suppose 0 = 8*i - 254 - 394. Suppose -5*b - 4*f = -4*b - 16, 2*b = -3*f + 57. What is the highest common divisor of i and b?
9
Let o = 288 - 170. Suppose 4*s = 342 - o. Suppose -5*p - 6 = 4, -3*q + 2*p = -508. Calculate the greatest common factor of s and q.
56
Let s = 34271 - 31348. What is the highest common factor of 629 and s?
37
Let n = 1308 + -1294. Let p = 1254 + -512. What is the highest common factor of n and p?
14
Suppose 2*u - 5*p + 80 = 286, -2*p + 58 = u. Let q(z) = z**2 + 2*z - 3. Let n be q(3). Calculate the greatest common factor of n and u.
6
Let f = 77 + -127. Let l = f - -50. Suppose 3*x - 4*u = 69 - 13, 3*x - 5*u - 52 = l. Calculate the greatest common divisor of x and 16.
8
Let y be 1 - (4 - 2) - -4. Suppose -3*s = -9 + y. Let l(w) = 92*w**2 + 630*w - 82. Let x be l(-7). Calculate the greatest common divisor of x and s.
2
Let h = -49 - -54. Suppose -r - 5*a + 4 = -4, 3*a = -h*r + 40. What is the highest common divisor of 2 and r?
2
Suppose -12*y - 11*y + 44040 = -11*y. What is the highest common divisor of 10 and y?
10
Suppose 0 = 2*o + 4*g - 32, 3*o + 4*g - 30 - 10 = 0. Suppose 38 = 5*f - 6*w, -5*f + 2*w = -o*f + 6. Calculate the highest common factor of f and 100.
4
Suppose 5*k - 1872 = -552. Let g = 311 - 278. What is the highest common factor of g and k?
33
Let q be (378/78)/(21/182). Calculate the highest common divisor of q and 6258.
42
Suppose 752*x - 755*x + m + 15024 = 0, x + 3*m - 5008 = 0. Calculate the greatest common divisor of x and 2817.
313
Suppose 0 = 18*a - 1730 - 288 - 142. What is the highest common divisor of a and 1095?
15
Suppose 0 = -9*u + 12*u + 15, -5*h - 4*u = 10. Suppose -4*d + 2 = g, -4*g + d = h*d - 68. What is the highest common divisor of g and 24?
6
Let c = 213 - 168. Suppose 0 = -5*v + 5*t + 30, -5*v + 2*t = -v - 30. What is the highest common factor of c and v?
9
Let v(d) be the first derivative of 8*d**3 + d**2/2 - 6*d - 108. Let y be v(3). Calculate the greatest common divisor of y and 71.
71
Let h = 29438 + -25008. What is the greatest common factor of 70 and h?
10
Let d(f) = 3*f**2 + f - 52. Let i be d(-21). Let v be (i/15 - 6)*(-6)/4. Let s = -44 - v. Calculate the greatest common divisor of 9 and s.
9
Let a(w) = 119*w + 413. Let t be a(4). What is the greatest common factor of 91 and t?
7
Let l(f) = -77*f - 355. Let n be l(-10). What is the highest common factor of n and 1?
1
Let n = 3957 - 3949. What is the highest common factor of n and 392?
8
Let f be 18/7*(-56)/(-12). Let n be (-38)/(-114)*36/(0 + 1). Calculate the highest common divisor of n and f.
12
Let i = -537 - -793. Suppose 4*r = -w + 895, -5*w = 246*r - 247*r + 229. What is the greatest common factor of i and r?
32
Let x(u) = -7*u**3 + 232*u + 468. Let o be x(-2). What is the highest common factor of 150 and o?
30
Let q(c) = 83*c - 13. Let m be q(2). Let o = -140 + m. Let n = -167 - -258. What is the greatest common factor of o and n?
13
Let t(j) = 2*j**2 - 5*j + 12. Let a be t(6). Let r(y) = 3*y + 63. Let f = 133 - 148. Let g be r(f). What is t